x?
13
Suppose -59 = -f + c, 8*c = -4*f + 3*c + 236. Suppose -3*q - 8 + f = 0. What is the remainder when q is divided by 6?
5
Let q = 17 + 30. Calculate the remainder when q is divided by 24.
23
Suppose -c + 18 = -4. What is the remainder when 86 is divided by c?
20
Calculate the remainder when 41 is divided by 52/(-39) + (-46)/(-3).
13
Let g = 102 - -9. Suppose -p = -4*r + g, 12 = r + 4*p - 20. What is the remainder when r is divided by 15?
13
Suppose 0 = -5*n + p - 4 - 3, 7 = n + 4*p. Let o(z) = 14*z**2 + z + 1. Let x = 120 + -80. What is the remainder when x is divided by o(n)?
12
Let i(v) = -14*v + 3. Let w be i(-1). Let z = w + -2. Calculate the remainder when 89 is divided by z.
14
Let b(q) = 4*q + 3. Let x(d) = 9*d + 6. Let i(f) = 7*b(f) - 4*x(f). What is the remainder when 81 is divided by i(-3)?
18
What is the remainder when 36 is divided by (1/2)/(3/78)?
10
Suppose 3 = 2*n - 4*m - 147, 5*n - 360 = -5*m. Let z = -38 + n. Calculate the remainder when z is divided by 9.
8
Suppose -s = -1 - 2. What is the remainder when (-1)/s - (-28)/3 is divided by 4?
1
Let x(h) = h**3 + 4*h**2 + 2. Let r be x(-4). Suppose 7*n - 105 = r*n. Calculate the remainder when n is divided by 11.
10
Suppose 2*l - 4*w = 56, 62 = -l + 3*l - 2*w. Suppose 0 = -4*d + 3*d + 3. Calculate the remainder when l is divided by d/24 - (-429)/24.
16
Let h = 4 + -1. Let u = -1 - -9. Calculate the remainder when u is divided by h.
2
Let m(d) be the first derivative of d**4/2 - d**3/3 - d**2/2 - 2*d - 3. Calculate the remainder when (-43)/(-3) + 1/(-3) is divided by m(2).
6
Let i = 25 + 15. Let z be ((-12)/5)/((-6)/i). Suppose -8 = -2*o - 4*j, 2*j - z = -3*o - 0*j. Calculate the remainder when 11 is divided by o.
5
Suppose 4*v - 6*v = -12. Let b = -6 + v. Suppose -2*h = -12 - b. Calculate the remainder when h is divided by 2.
0
Let n = 42 - 20. Let l = n - 9. Calculate the remainder when 25 is divided by l.
12
What is the remainder when 35 is divided by ((-3)/6)/(1/(-20))?
5
Suppose -w = -2*n - n - 82, -2*n = -5*w + 410. Calculate the remainder when w is divided by 14.
12
Calculate the remainder when 21 is divided by (-7 - -22) + 3/(-3).
7
Let h(j) = j**3 - 7*j**2 + 7*j + 4. Let y be h(6). Let a = 5 + y. Calculate the remainder when a is divided by 6.
3
Suppose x - 236 = -3*i, -5*x + 0 = 5. What is the remainder when i is divided by 21?
16
Suppose 0*r - 2*r + 19 = l, 4*r - 41 = -5*l. Suppose -64 = -4*y - 0. Let f = y - r. What is the remainder when 11 is divided by f?
4
Suppose v = -w + 20, -v = -2*w + 5*w - 30. Calculate the remainder when v is divided by -2*1 + (12 - 1).
6
What is the remainder when 118 is divided by 5*1*13/((-117)/(-54))?
28
Suppose -38 - 25 = -3*k. Calculate the remainder when 81 is divided by k.
18
Let x(a) = 2*a**2 + 2*a - 19. What is the remainder when x(-8) is divided by 19?
17
Let o be 1*-1*(-93 + -4). Let q = -64 + o. What is the remainder when q is divided by 9?
6
Let i(q) = q**2 + q + 23. Suppose 0 = 3*h - 182 - 88. Let u = h - 23. Calculate the remainder when u is divided by i(0).
21
Let g = 2 + 2. Suppose 2*n + 3*n + 2*i = 6, 0 = g*n + 4*i. Let l = n + -1. Calculate the remainder when 3 is divided by l.
0
Let x(q) = -q**3 - 7*q**2 + 7*q - 5. Let t be x(-8). Suppose d = -2*l + 7, -2*d = -t*d - l + 8. What is the remainder when d is divided by 2?
1
Let a be (1 - 1) + 0/3. Suppose -4*m = -a*m - 104. Calculate the remainder when m is divided by 9.
8
Suppose 56 = 7*r - 3*r. Let b = 71 - 44. Calculate the remainder when b is divided by r.
13
Let v be 4 + -2 + 24/(-1). Let n = v - -32. Suppose -q + 0*q = -4. Calculate the remainder when n is divided by q.
2
Suppose 2*r + 102 = 2*l, 2*r + 148 + 56 = 4*l. Calculate the remainder when l is divided by 26.
25
Let v = 22 - 28. Let t = v - -21. Calculate the remainder when 26 is divided by t.
11
Suppose 4*s - 40 = -s. Suppose 2*p - s = 4*y, -1 = -2*p + y + 7. Calculate the remainder when 9 is divided by p.
1
Let l(u) = -u**3 - u**2 + 4*u + 2. Calculate the remainder when l(-5) is divided by 14.
12
Let p = 41 + -25. Suppose -o - 42 = -5*l, 7*l - o - 15 = 5*l. What is the remainder when p is divided by l?
7
Let k(l) = l**3 + 7*l**2 - 11*l - 1. Calculate the remainder when k(-8) is divided by 6.
5
Let h(p) = p**2 - 5*p + 3. Let n be h(7). Suppose 37 = 2*d + d - q, -3*d - 4*q = -n. Let x = 355 - 349. Calculate the remainder when d is divided by x.
5
Suppose 50 + 35 = 5*f. Calculate the remainder when 31 is divided by f.
14
Let u = 92 + 17. What is the remainder when 1/(-4) + u/4 is divided by 14?
13
Let b be ((-5)/(-4))/(2/112). Suppose 7*x = 2*x + b. Suppose 115 + 47 = 6*j. Calculate the remainder when j is divided by x.
13
Suppose 0 = -5*n - 3 + 23. Let z(t) = 6*t**2 - 4*t. Let g(d) = -7*d**2 + 4*d + 1. Let p(f) = 3*g(f) + 4*z(f). Calculate the remainder when p(2) is divided by n.
3
Let h be (-12)/(-7) - (-20)/70. Suppose h*p = -2*v + 5*p + 27, -3*p - 36 = -3*v. What is the remainder when 16 is divided by v?
7
Let j = 6 + -2. Let u be 117/12 + (-2)/(-8). Let f = u + -7. Calculate the remainder when j is divided by f.
1
Let b(n) = -n**3 + 8*n**2 + 3*n + 12. Let h(f) = 3*f - 2. What is the remainder when b(8) is divided by h(5)?
10
Let j(r) = -r**2 + 4*r + 15. Let v = 5 + 6. What is the remainder when v is divided by j(6)?
2
Let z = 3 + -3. Let a = -7 + z. Let d = 12 + a. What is the remainder when 7 is divided by d?
2
Suppose -q + 4*t = -54, 2*q - 24 = q - 2*t. Suppose 3*o + 4 - q = 0. What is the remainder when 27 is divided by o?
7
Suppose 0 = 3*r + 3*b + 171, 0*r - 2*r = -3*b + 129. Suppose -2*j = -4*n + 2*n + 84, 5*j = -n - 222. Calculate the remainder when 6 is divided by (-8)/j - r/33.
0
Let y(o) = -3*o + 6 - 2*o + 4*o. Let u(n) = 1. Let a(v) = -5*u(v) + y(v). Calculate the remainder when 13 is divided by a(-7).
5
Let x = 17 - 9. Calculate the remainder when 14 is divided by x.
6
Let m(v) = -v**3 - 3*v**2 + 2*v + 5. Let f be -1 - (-1 + 1 + -2). Suppose 2*n + l = 6*n - 15, n - f = 3*l. Calculate the remainder when m(-4) is divided by n.
1
Let v = 70 + -43. What is the remainder when 49 is divided by v?
22
Suppose 5*n = -0*n + t + 9, -2*n - 18 = 5*t. Suppose -3*b = -5*b + 4. Calculate the remainder when b is divided by n.
0
Suppose 93 = 3*q + 4*t, -2*t = -3*t + 3. What is the remainder when 49 is divided by q?
22
Let r be (-1)/(2*4/384). Let d = -27 - r. Calculate the remainder when d is divided by 6.
3
Let w = 3 - 0. Suppose -t = 5*a - 6, 0 = -0*t + 4*t + 5*a - 9. Suppose 0 = w*i + t - 52. What is the remainder when 49 is divided by i?
15
Suppose -3*v = v + 220. Let b = 82 + v. Calculate the remainder when b is divided by 14.
13
Suppose p - 3*p + 26 = 0. What is the remainder when p is divided by 5?
3
Suppose -4*x - x = -60. What is the remainder when 23 is divided by x?
11
Let c be (14/(-21))/(3/9). Let l(s) = 5*s**2 + 4*s + 5. Calculate the remainder when l(c) is divided by 5.
2
Suppose 10 = -4*m + 58. Calculate the remainder when 2/(-5)*-1*55 is divided by m.
10
Let x = -14 + 18. Suppose -x*r + 4*o = -9*r + 52, o - 34 = -3*r. What is the remainder when r is divided by 5?
2
Suppose 3*f + 21 = -3*k, -5*k + 0*k + 2*f = 14. What is the remainder when (3/9)/(k/(-420)) is divided by 12?
11
Suppose 3*t = 4*i - 7 + 1, 0 = 5*i - t - 13. Let x = 4 + i. Let z = 9 + 11. Calculate the remainder when z is divided by x.
6
Suppose -6*t = -4*t - 10, -4*v - 2*t - 130 = 0. What is the remainder when 33 is divided by 3/(-6) + v/(-2)?
16
Suppose -2*f + 4*y = 2*f - 32, f + y + 2 = 0. Let g = f + 2. What is the remainder when 19 is divided by g?
4
Suppose 0 = 4*w - 150 + 22. Suppose 5*o + 3 = l + w, -3 = -3*o - 3*l. What is the remainder when 13 is divided by o?
3
Let u be 5/(-10) + (-1)/(-2). Suppose 3*r + 0*r - 60 = u. What is the remainder when 58 is divided by r?
18
Calculate the remainder when 7 is divided by 23/5 - (-6)/(-10).
3
Let b = 89 - 81. Calculate the remainder when b is divided by 2.
0
What is the remainder when 86 is divided by (-2)/5 - (4 + (-334)/10)?
28
Let f = 24 - 36. Let n = 18 + f. Calculate the remainder when (0 + -2)*22/(-4) is divided by n.
5
Let n(i) = 7*i**2 - i + 1. Suppose t - 28 = -1. Calculate the remainder when t is divided by n(1).
6
Suppose u + 17 - 59 = 0. Suppose 0 = -3*v + 7*v - 88. Wha